
2, 5
Let q(y) = y**3 + 20*y**2 + 18*y - 21. Let c be q(-19). What are the prime factors of ((-12)/(-15))/(c/(-10))?
2
Suppose 0 = 19*s - 14*s - 20. Suppose -2*t - 67 = -4*q + 3*t, -s*q = 5*t - 77. Let v = q - 3. What are the prime factors of v?
3, 5
Suppose -b + 5 = 4*h + 8, h = -b. List the prime factors of 1902/15 + (-8)/10 + b.
127
Let r(j) = -j**3 + j**2 + 2*j + 1. Let n = -73 + 69. List the prime factors of r(n).
73
Suppose -4*v + 128 = -132. Suppose -v + 179 = 3*y - 2*w, -4*w = -y + 38. List the prime factors of y.
2, 19
Let a(g) = 5*g + 17. Let h(q) = q**3 - 9*q**2 + 5*q + 9. Let b be h(8). Let d be a(b). Let j = -19 - d. List the prime factors of j.
3, 13
Suppose 45 = 4*v - 5*f + 1470, -v = -3*f + 365. Let j be v/6 + 6/18. Let m = -36 - j. List the prime factors of m.
2, 11
Suppose 45 = 5*p - 2*a, -a - 14 + 41 = 3*p. Let w be 9/(p/28) - 4. Suppose -4*l - w = -6*l. What are the prime factors of l?
2, 3
Let m(y) = -174*y - 39. What are the prime factors of m(-6)?
3, 5, 67
Let i = 94 - 41. Let f = i + -30. List the prime factors of f.
23
Suppose -1923 - 2858 = -v. List the prime factors of v.
7, 683
Let d(u) = u**2 - 6*u + 2. What are the prime factors of d(-24)?
2, 19
Let d(m) = -13 - 3*m - 3*m**3 - 8*m**2 - m + 3*m + 0*m. List the prime factors of d(-4).
5, 11
Suppose g - 3*g + 10 = 0. Suppose n - 30 = g*b + 22, -5*b = -2*n + 49. Let h(q) = -2*q - 9. What are the prime factors of h(b)?
13
What are the prime factors of 295 - (-25)/((-25)/(-6))?
7, 43
Suppose -5*c = -0*c. Suppose 5*n + 66 = -3*l, -3*l + 4*n = -c*l + 39. Let r = -13 - l. What are the prime factors of r?
2
List the prime factors of (22/(-22))/((-1)/8).
2
Let y(i) = 7*i + 6. List the prime factors of y(4).
2, 17
What are the prime factors of (-2382)/(-18)*6 + -3?
7, 113
Suppose 5*r - 3*l = -121, -18 - 61 = 3*r - 5*l. Let s = 92 + r. List the prime factors of s.
3, 23
Let c = 315 + 198. List the prime factors of c.
3, 19
Suppose -1 - 7 = -2*u. Suppose 2*t - 21 = -3*y - 2, -u*y = 5*t - 58. Let r(p) = -p**3 + 15*p**2 - 15*p + 16. What are the prime factors of r(t)?
2
Suppose -2*p + 3*p + 2*r = 81, 4*r - 304 = -4*p. Suppose 3*a - 43 = p. Let s = -17 + a. List the prime factors of s.
3, 7
Let t(n) = 9*n + 1. Let i be t(-3). Let v(m) = 8*m. Let f be v(-2). Let d = f - i. List the prime factors of d.
2, 5
Let k(y) = -y - 1. Let u be k(11). Let d be u/(116/56 + -2). List the prime factors of d/(-3 - 0) - -4.
2, 3, 5
Let l(f) = -25 + 12*f + 11 + 14. List the prime factors of l(1).
2, 3
Suppose 3*q - 684 + 51 = -5*t, 4*t = 4*q - 876. What are the prime factors of q?
2, 3
Let q = 2664 - 1312. List the prime factors of q.
2, 13
Suppose 17*x = -0*x + 13600. List the prime factors of x.
2, 5
List the prime factors of (((-2)/(-3))/1)/(160/66480).
277
Let a(j) = j**3 + 35*j**2 + 47*j + 61. What are the prime factors of a(-30)?
23, 137
Suppose 5*o + 20 = 0, -3*o + 45 = w - 154. What are the prime factors of w?
211
Let l = -18 + 14. Let a be ((-2)/(-2))/((-2)/l). What are the prime factors of (a - (-68)/8)*2?
3, 7
Suppose -2*h + 4 = -4*q, -q - 6 = 5*h + 28. Let b(i) = i**3 + 9*i**2 + 4*i - 5. List the prime factors of b(h).
79
Let v = 6 - 2. Suppose -2*l + 1 = -j + v, -5*j + 25 = 0. Let p = 17 - l. List the prime factors of p.
2
Let n(x) = x + 1. Suppose 5*f - 5 = -5*o, -2*o - f + 2 = -3*f. Let k be n(o). What are the prime factors of (-453)/(-15) + k/(-10)?
2, 3, 5
Suppose 5*h = 3*i + 2*h + 30, 30 = -3*i + 4*h. Let j be (18/(-12))/(3/i). Suppose 2*v = 3*m + 85, 179 = 4*v + j*m - 2*m. What are the prime factors of v?
2, 11
Suppose 0 = a + 144 - 370. What are the prime factors of a?
2, 113
Suppose -2*f = -2878 + 280. List the prime factors of f.
3, 433
Let x = 43 + -31. Suppose -686 = -x*n + 5*n. What are the prime factors of n?
2, 7
Suppose -2*o - 3*o = 4*b - 488, 222 = 2*b - 3*o. Let a = b + 38. List the prime factors of (a/(-20))/(2/(-8)).
31
Let g = -1058 + 1487. List the prime factors of g.
3, 11, 13
Let b = 398 - 12. What are the prime factors of b?
2, 193
Let d(o) = o**2 - 2*o + 1. Let m be d(1). Suppose -2*u + 4*u - 2 = m. Let a(i) = 2*i**2 + i. List the prime factors of a(u).
3
Let r(h) = 5*h - 1. Let f = 45 - 43. What are the prime factors of r(f)?
3
Let t(d) = -d**3 + 4*d**2 - d + 4. Let b = -3 + 8. Let y be t(b). Let k = y - -55. List the prime factors of k.
29
Suppose 0 = -6*r + 3*r. Let k(h) = h**2 + h + 24. Let w be k(r). Suppose w + 26 = 2*c. List the prime factors of c.
5
Suppose 0 = -2*l - 2*y + 174, l + 4*y - 104 = -14. Suppose 4*c + l = 590. What are the prime factors of c?
2, 3, 7
Suppose 4*z - 4*s = s + 27, -2*z + 12 = -2*s. Let f be 1*2 - (42 + z). Let o = f - -75. What are the prime factors of o?
2
Let g(l) be the third derivative of l**5/4 + l**4/24 + 5*l**2. Let n = -28 + 27. What are the prime factors of g(n)?
2, 7
Suppose 0 = 16*c + 28*c - 7964. What are the prime factors of c?
181
Suppose 9*u = -8 - 19. Let j(b) = 31*b**2 + 8*b + 5. What are the prime factors of j(u)?
2, 5, 13
Let q(t) = -68*t + 66. What are the prime factors of q(-4)?
2, 13
Let p be -1*(1 - 7 - -4). Suppose p*a - 3*a + 66 = 0. List the prime factors of a.
2, 3, 11
Let k = 144 + 83. List the prime factors of k.
227
Let o(z) = -z**3 + 11*z**2 - 5*z - 13. Let a = -5 + 13. Suppose 2*j - 12 = a. List the prime factors of o(j).
37
Let z = 30 - 26. Let f be 0/(-2)*2/4. Suppose 0*g = -z*g + l + 25, f = g - 4*l - 10. List the prime factors of g.
2, 3
Suppose 0 = -2*w - 4*f + 4 + 18, 4*w = -3*f + 24. Let j(d) = -3 - 7*d + w + 0*d - 3. List the prime factors of j(-2).
11
List the prime factors of 8472/(-4)*15/(-45).
2, 353
Let d(l) = -2*l. Let v(c) = -c + 1. Let o(r) = d(r) + 6*v(r). Let x = 70 - 74. List the prime factors of o(x).
2, 19
Suppose 5*m - g - 10 = 0, -2*g + 15 = g. Suppose -5*r = u - 55, -m*u - 5*r = -8*u + 245. List the prime factors of u.
2, 5
Let a(p) = -7*p**2 - 7*p - 15. Let w be a(-6). Let b = -111 - w. List the prime factors of b.
2, 3, 19
Let x(p) = p**2 - 9*p + 1. Let n be x(-10). Let t = n + -132. What are the prime factors of t?
59
Let h = 61 - 43. Let t be -1 + 14/(-5)*(-5)/2. What are the prime factors of 140/t*h/12?
5, 7
Suppose 2*s = -i + 594, -965 = -2*i - 3*s + 228. List the prime factors of i.
2, 151
List the prime factors of ((-120)/(-18) + 4)*6.
2
Let k(i) = -i - 2. Let f be (0 - (-12)/8)*-6. Let h = f + 0. What are the prime factors of k(h)?
7
Let q be (-4)/7 + (-1528)/(-28). Let u be q/24 + (-1)/4. Suppose u*k + 9 = 23. What are the prime factors of k?
7
Suppose -30*w + 27*w + 2208 = 0. What are the prime factors of w?
2, 23
List the prime factors of (5/(-10))/(7/(-36820)).
2, 5, 263
Let z be 531/(-21) - (-2)/7. Suppose 0 = 4*d - d + 5*p - 182, 3*p = d - 42. Let y = d + z. What are the prime factors of y?
29
Let m be (-42)/9*(-72)/14. Suppose -2*s = -2*d - 0*d + 66, 168 = 4*d + 5*s. Let n = d - m. List the prime factors of n.
13
Let n(g) = 32*g + 1. Let k(c) = -2*c**2 + 13*c - 5. Let m be k(6). List the prime factors of n(m).
3, 11
Suppose -u + 2 = -0*u. Suppose -x + u*x = 4. Suppose 2*o - n + 5 = 23, 27 = 3*o - x*n. What are the prime factors of o?
3
Let q = -12 - -68. What are the prime factors of q?
2, 7
Suppose -4*w - z = 4*z, 3*w = z. Suppose 189 = 5*j + m, -2*j + 5*j - 4*m - 118 = w. List the prime factors of j.
2, 19
Let l = 198 + -123. Suppose 5*x = 30 + l. What are the prime factors of x/14*(-52)/(-6)?
13
Let w(h) = -5*h**3 - 24*h**2 + 10*h + 32. What are the prime factors of w(-8)?
2, 61
Let w = 86 + 7. Let f = w + -50. What are the prime factors of f?
43
What are the prime factors of (2/(-3))/(142/(-144201))?
677
Let q = -333 - -149. List the prime factors of 4/(-14) - (-5 + q/7).
31
Let b = -44 - -44. Let n be (-1)/2 - (-314)/4. Suppose -k - k + n = b. List the prime factors of k.
3, 13
Let g(z) = z**3 + 9*z**2 - 13*z - 8. Let c = 43 - 52. List the prime factors of g(c).
109
Let c(d) = -3*d**2 + d**2 + 0 - 1 - d + d**2. Let x be c(-3). Let z(f) = f**3 + 8*f**2 + 3*f + 2. List the prime factors of z(x).
2, 3, 5
Let p(s) = -s**3 + 7*s**2 + 9*s. Suppose 4*k + 7 = -9. Let u be (-7 - (-4)/k)/(-1). List the prime factors of p(u).
2
Let i = -172 - -116. Let t = 29 - i. What are the prime factors of t?
5, 17
Let o(r) = 294*r - 378. What are the prime factors of o(